321024 + -2?
122321022
In base 14, what is -19c1ad66 - 0?
-19c1ad66
In base 7, what is 0 - 331220564?
-331220564
In base 12, what is 1 + 123a486?
123a487
In base 10, what is -10281 - 7201?
-17482
In base 14, what is -b + -23a141?
-23a14c
In base 9, what is -1212 - -6828?
5616
In base 8, what is -123465 - -177?
-123266
In base 8, what is -2304 + 3343674?
3341370
In base 6, what is -400 + 33335052?
33334252
In base 12, what is -6b33a + 13?
-6b327
In base 2, what is 1011101111101111101111 - -111?
1011101111101111110110
In base 3, what is 12 + -10001112001011?
-10001112000222
In base 14, what is ad26d9c - 13?
ad26d89
In base 9, what is -245062 - 147?
-245220
In base 13, what is 7 - 2a4277?
-2a4270
In base 8, what is -225621600 + 34?
-225621544
In base 2, what is -1 + -11011100001001010000111001?
-11011100001001010000111010
In base 2, what is -10101011111010111 - 1011101000?
-10101101010111111
In base 5, what is 30 + 2041201403?
2041201433
In base 7, what is 162201546 + -5?
162201541
In base 9, what is 163 - 1265384?
-1265221
In base 2, what is 110111010111100011011 - 1000101110?
110111010110011101101
In base 4, what is 12 - 332212202122?
-332212202110
In base 13, what is 18b - 5b59?
-599b
In base 12, what is 8879a3 - -4?
8879a7
In base 3, what is -202210021 - 102001?
-210012022
In base 15, what is -1 - -68d31b?
68d31a
In base 8, what is -216 + -12274017?
-12274235
In base 4, what is 21031003303 + -131?
21031003112
In base 14, what is -209085 - -4?
-209081
In base 14, what is -1ca057 + 44?
-1ca013
In base 7, what is 213141644 - -110?
213142054
In base 6, what is -14001455155 + 2?
-14001455153
In base 12, what is 5675 + -258b?
30a6
In base 4, what is -2223132213321 - -2?
-2223132213313
In base 6, what is 21 + -43045043?
-43045022
In base 4, what is -213 + -21001302333?
-21001303212
In base 3, what is 210102001112 + 202?
210102002021
In base 10, what is -260 + 10941?
10681
In base 8, what is -11252626 - -2?
-11252624
In base 9, what is -6367 - 30157?
-36535
In base 7, what is 10554240 - 111?
10554126
In base 8, what is -1107050 + 33?
-1107015
In base 3, what is 1222200 + -200222102200?
-200220110000
In base 14, what is -761 - 47a5d?
-483c0
In base 14, what is -687252 - c?
-687260
In base 9, what is -3 + -11803722?
-11803725
In base 15, what is -19 - -1514bc?
1514a3
In base 15, what is 3 + 30a6209?
30a620c
In base 15, what is 6 - 2bcba2?
-2bcb9b
In base 2, what is -11111 - 101011000110110001010?
-101011000110110101001
In base 8, what is 3656547 - 64?
3656463
In base 10, what is -63 + -129437?
-129500
In base 4, what is -233320013 + 1333?
-233312020
In base 8, what is -71032 - 1325?
-72357
In base 15, what is -4 - -9a5b6c?
9a5b68
In base 14, what is -9a + -2d641?
-2d6db
In base 6, what is 412123105 + -4?
412123101
In base 10, what is 6 + 53456994?
53457000
In base 13, what is -4 - -2c1b81?
2c1b7a
In base 2, what is 1000 + -101101101110?
-101101100110
In base 13, what is 4837553 - -4?
4837557
In base 6, what is 22034 + -3400?
14234
In base 6, what is 5 - 13333022020?
-13333022011
In base 2, what is -1100011000010110000010100 + -100100?
-1100011000010110000111000
In base 13, what is -9c7 + -c40?
-1937
In base 9, what is 3511186620 - -4?
3511186624
In base 13, what is -326c - -44a?
-2b22
In base 8, what is -353561 + -52?
-353633
In base 10, what is 5425 + -6520?
-1095
In base 14, what is -1a728 + 3a?
-1a6cc
In base 12, what is 0 + -3454b23?
-3454b23
In base 16, what is 7bb20dc - 1?
7bb20db
In base 5, what is -112213441 - -20?
-112213421
In base 11, what is -144530a - -14?
-14452a6
In base 4, what is -1001 - -11321223300?
11321222233
In base 5, what is -440 + -10104?
-11044
In base 8, what is 14434064 + 6?
14434072
In base 9, what is -5 - 21815187?
-21815203
In base 15, what is -2b71c - 8?
-2b725
In base 5, what is -331102 - 30434?
-412041
In base 7, what is 10521 - -1011251?
1022102
In base 3, what is 1101011121020 + 11120?
1101011202210
In base 14, what is b94 + -d6b?
-1b7
In base 3, what is 222221110220 + -122?
222221110021
In base 15, what is 34 - 2650a?
-264c6
In base 9, what is 41575 + -3318?
37256
In base 11, what is 13303947 - 2?
13303945
In base 13, what is 6221b941 - -5?
6221b946
In base 2, what is -110001 + 10000110001010100100?
10000110001001110011
In base 5, what is -12 - 34122400434?
-34122401001
In base 3, what is -1020 + -2101101110?
-2101102200
In base 5, what is 11 + 411142443?
411143004
In base 2, what is -1 - -1010111010010010000110101100?
1010111010010010000110101011
In base 4, what is -3121320112320 + 11?
-3121320112303
In base 14, what is -1995 - -76?
-191d
In base 2, what is -101011000101100111011001 + 0?
-101011000101100111011001
In base 12, what is -39a - -5a18?
563a
In base 6, what is 1100255031 + -4?
1100255023
In base 15, what is e - 12684e?
-126840
In base 4, what is -101020011032 + 10?
-101020011022
In base 8, what is -2542 - 640166?
-642730
In base 8, what is -647 - -2277271?
2276422
In base 15, what is 0 + -32d359?
-32d359
In base 8, what is -1507505 - -130?
-1507355
In base 8, what is -100747 - -301?
-100446
In base 5, what is 140142233312 - 0?
140142233312
In base 3, what is -12 - 1020111112002000?
-1020111112002012
In base 11, what is 2590112 - -57?
2590169
In base 3, what is 2 + -21201221111121200?
-21201221111121121
In base 8, what is 67 - -517732?
520021
In base 13, what is 4bb33 + 188?
4bcbb
In base 7, what is 126404045 - -3?
126404051
In base 9, what is -1111824 - -265?
-1111548
In base 11, what is 2 - 818764a?
-8187648
In base 2, what is -111000001010001001100111 + 11?
-111000001010001001100100
In base 5, what is -4424111200 + -11?
-4424111211
In base 15, what is -13c + 3b26?
39d9
In base 5, what is -31 - -2134222400?
2134222314
In base 3, what is -22112221000 - -1000?
-22112220000
In base 16, what is 2d574a + 3?
2d574d
In base 11, what is 10a153 - 50?
10a103
In base 7, what is 45 + -166544051?
-166544003
In base 12, what is -117399385 - -4?
-117399381
In base 16, what is -2834 - 1bfb?
-442f
In base 2, what is -101100101010011010001000 - 1100?
-101100101010011010010100
In base 7, what is 12 + 51515?
51530
In base 16, what is -d8 + -895e?
-8a36
In base 13, what is 150 - 18636?
-184b6
In base 12, what is 107b + -4415?
-3356
In base 3, what is -1200110010222 + 121?
-1200110010101
In base 6, what is -4 + -5004431315?
-5004431323
In base 16, what is -1 + -73ca1?
-73ca2
In base 10, what is 5 + -8882215?
-8882210
In base 8, what is 53050456 + 0?
53050456
In base 13, what is -a9634 + -35?
-a9669
In base 10, what is 5693640 + 3?
5693643
In base 12, what is 32b - 1b44?
-1815
In base 4, what is -3012221 - 1220300?
-10233121
In base 14, what is 1 + 925c652?
925c653
In base 11, what is 5 + -30713?
-30709
In base 9, what is 24 + -130603?
-130568
In base 6, what is -2350240344 + -11?
-2350240355
In base 5, what is 101221 + 13232120?
13333341
In base 14, what is 67 + 1b756d?
1b75d6
In base 7, what is -1406 + -1050506?
-1052215
In base 14, what is 2 - 91c991b?
-91c9919
In base 6, what is 1411005 - -141?
1411150
In base 3, what is -2201022211 - 101010022?
-10002110010
In base 6, what is 3332204312 - -21?
3332204333
In base 6, what is 5 - 411323442?
-411323433
In base 8, what is -271061 + -27?
-271110
In base 9, what is 27214208 - 2?
27214206
In base 15, what is 1b + 3c71a?
3c736
In base 5, what is 224122143 + 31?
224122224
In base 6, what is -1502113224 - -10?
-1502113214
In base 16, what is -3 + -e08f9?
-e08fc
In base 6, what is -152 + -434440?
-435032
In base 7, what is 54124221 + 5?
54124226
In base 7, what is 6241100 + -16?
6241051
In base 7, what is -5 + -11313225?
-11313233
In base 15, what is -1d009 + b5a?
-1c39e
In base 11, what is 92aaa - 642?
92468
In base 14, what is -442aa - 1d0?
-4449a
In base 15, what is -d1c - a272?
-b08e
In base 3, what is -112000110 - -100022?
-111200011
In base 2, what is -101100111111100101101 + 101000?
-101100111111100000101
In base 16, what is -b8176 - 68?
-b81de
In base 10, what is 54 - 2614901?
-2614847
In base 9, what is -86440 - 113?
-86553
In base 12, what is 402 - -83093?
83495
In base 13, what is 49 + aa0065?
aa00b1
In base 2, what is 11101001 + 11010100000111001?
11010100100100010
In base 13, what is 978 - 39?
93c
In base 3, what is 12 + 11001000021000?
11001000021012
In base 16, wh